{"id":24,"date":"2023-03-13T13:19:16","date_gmt":"2023-03-13T13:19:16","guid":{"rendered":"http:\/\/www.aigner-dachs.at\/?page_id=24"},"modified":"2026-04-09T05:43:54","modified_gmt":"2026-04-09T05:43:54","slug":"home","status":"publish","type":"page","link":"https:\/\/www.aigner-dachs.at\/","title":{"rendered":"Dr. Aigner und Dr. Dachs"},"content":{"rendered":"\n<div class=\"wp-block-cover alignfull is-light\" style=\"padding-top:var(--wp--preset--spacing--50);padding-right:var(--wp--preset--spacing--50);padding-bottom:var(--wp--preset--spacing--50);padding-left:var(--wp--preset--spacing--50);min-height:600px\"><span aria-hidden=\"true\" class=\"wp-block-cover__background has-background-dim\" style=\"background-color:#99cc9e\"><\/span><div class=\"wp-block-cover__inner-container is-layout-flow wp-block-cover-is-layout-flow\">\n<div class=\"wp-block-group is-layout-flow wp-block-group-is-layout-flow\">\n<h2 class=\"wp-block-heading has-neve-text-color-color has-text-color\">Aktuelles<\/h2>\n\n\n\n<p>Unsere Ordination wird als <strong>Terminordination<\/strong> gef\u00fchrt. <br>Auch bei akuten Erkrankungen bitten wir unbedingt um <strong>vorherige telefonische Kontaktaufnahme<\/strong>, um lange Wartezeiten zu vermeiden. <br>Wir sind stets bem\u00fcht, Ihnen zeitnah einen Termin anbieten zu k\u00f6nnen, damit Sie Ihr Anliegen besprechen k\u00f6nnen.<br> <\/p>\n\n\n\n<h4 class=\"wp-block-heading\"><strong>Terminvereinbarung: +43 7673 75436<\/strong><br><\/h4>\n\n\n\n<h5 class=\"wp-block-heading has-cyan-bluish-gray-background-color has-background\">n\u00e4chste geschlossene Ordination:  Mi &#8211; fr, 22. &#8211; 24. april 2026<br><br>vertretung in unserem sprengel: Dr. dominik Wimberger &#8211; atzbach, Gruppenpraxis dr. Dellinger og &#8211; ottnang, Dr. christine schmelz (mi+do) &#8211; wolfsegg<\/h5>\n\n\n\n<h6 class=\"wp-block-heading has-cyan-bluish-gray-background-color has-background\">fragen rund um ihre gesundheit: 1450 Gesundheitshotline<br>medizinische notf\u00e4lle: 144 <\/h6>\n\n\n\n<h5 class=\"wp-block-heading\">\u00f6ffnungszeiten <br><strong>MO<\/strong>                       13:00 &#8211; 18:00<br><strong>DI <\/strong>                        13:00 &#8211; 17:00<br><strong>MI <\/strong> 8:00 &#8211; 12:00<br><strong>DO<\/strong> 8:00 &#8211; 12:00<br><strong>FR<\/strong>  8:00 &#8211; 11:00<\/h5>\n<\/div>\n<\/div><\/div>\n\n\n\n<div class=\"wp-block-cover alignfull is-light\" style=\"min-height:500px\"><span aria-hidden=\"true\" class=\"wp-block-cover__background has-background-dim-0 has-background-dim\"><\/span><img loading=\"lazy\" decoding=\"async\" width=\"2500\" height=\"1667\" class=\"wp-block-cover__image-background wp-image-28\" alt=\"\" src=\"http:\/\/www.aigner-dachs.at\/wp-content\/uploads\/2023\/03\/Irina-Thalhammer-Praxis-Aigner2021s-30-Kopie.jpg\" data-object-fit=\"cover\" srcset=\"https:\/\/www.aigner-dachs.at\/wp-content\/uploads\/2023\/03\/Irina-Thalhammer-Praxis-Aigner2021s-30-Kopie.jpg 2500w, https:\/\/www.aigner-dachs.at\/wp-content\/uploads\/2023\/03\/Irina-Thalhammer-Praxis-Aigner2021s-30-Kopie-300x200.jpg 300w, https:\/\/www.aigner-dachs.at\/wp-content\/uploads\/2023\/03\/Irina-Thalhammer-Praxis-Aigner2021s-30-Kopie-1024x683.jpg 1024w, https:\/\/www.aigner-dachs.at\/wp-content\/uploads\/2023\/03\/Irina-Thalhammer-Praxis-Aigner2021s-30-Kopie-768x512.jpg 768w, https:\/\/www.aigner-dachs.at\/wp-content\/uploads\/2023\/03\/Irina-Thalhammer-Praxis-Aigner2021s-30-Kopie-1536x1024.jpg 1536w, https:\/\/www.aigner-dachs.at\/wp-content\/uploads\/2023\/03\/Irina-Thalhammer-Praxis-Aigner2021s-30-Kopie-2048x1366.jpg 2048w, https:\/\/www.aigner-dachs.at\/wp-content\/uploads\/2023\/03\/Irina-Thalhammer-Praxis-Aigner2021s-30-Kopie-930x620.jpg 930w\" sizes=\"(max-width: 2500px) 100vw, 2500px\" \/><div class=\"wp-block-cover__inner-container is-layout-flow wp-block-cover-is-layout-flow\">\n<div style=\"height:80px\" aria-hidden=\"true\" class=\"wp-block-spacer\"><\/div>\n\n\n\n<div style=\"height:80px\" aria-hidden=\"true\" class=\"wp-block-spacer\"><\/div>\n<\/div><\/div>\n\n\n\n<div class=\"wp-block-cover alignfull is-light\" style=\"padding-top:var(--wp--preset--spacing--50);padding-right:var(--wp--preset--spacing--50);padding-bottom:var(--wp--preset--spacing--50);padding-left:var(--wp--preset--spacing--50);min-height:600px\"><span aria-hidden=\"true\" class=\"wp-block-cover__background has-background-dim\" style=\"background-color:#99cc9e\"><\/span><div class=\"wp-block-cover__inner-container is-layout-flow wp-block-cover-is-layout-flow\">\n<div class=\"wp-block-group is-layout-flow wp-block-group-is-layout-flow\">\n<h2 class=\"wp-block-heading has-neve-text-color-color has-text-color\">Unsere Praxis<\/h2>\n\n\n\n<p>Praxis f\u00fcr Allgemeinmedizin mit \u00e4rztlicher Hausapotheke<br>Alle Kassen<\/p>\n\n\n\n<p>Unsere hellen und modernen Praxisr\u00e4umlichkeiten befinden sich im Erdgescho\u00df des Gemeindeamts Niederthalheim.<br>Auf ca. 140 m\u00b2 k\u00f6nnen wir mit zwei Behandlungsr\u00e4umen, einem extra Laborbereich, einem Wartebereich und einer zentralen Anmeldung<br>effizient eine Vielzahl an Behandlungen anbieten.<\/p>\n\n\n\n<p><strong>Zu unseren Leistungen geh\u00f6ren:<\/strong><\/p>\n\n\n\n<ul>\n<li>Blutabnahmen (Mi\/Do\/Fr morgens) &#8211; Blutuntersuchung teilweise im Eigenlabor mit Sofortauswertung<\/li>\n\n\n\n<li>Schmerztherapie<\/li>\n\n\n\n<li>Infusionstherapie<\/li>\n\n\n\n<li>Wundmanagement<\/li>\n\n\n\n<li>EKG<\/li>\n\n\n\n<li>24h-Blutdruckmessung<\/li>\n\n\n\n<li>Harn\/Stuhltest<\/li>\n\n\n\n<li>Blutzuckermessung<\/li>\n\n\n\n<li>Blutgerinnungsmessung<\/li>\n\n\n\n<li>Impfungen<\/li>\n\n\n\n<li>Impfberatung<\/li>\n\n\n\n<li>Spirometrie &#8211; Lungenfunktionstest<\/li>\n\n\n\n<li>Mutter-Kind-Passuntersuchungen (f\u00fcr M\u00fctter: Interne Untersuchung, f\u00fcr Kinder: ab der 3. Mutter-Kind-Pass Untersuchung &#8211; 3.-5. Lebensmonat)<\/li>\n\n\n\n<li>Vorsorgeuntersuchung<\/li>\n\n\n\n<li>F\u00fchrerschein Untersuchungen <\/li>\n<\/ul>\n\n\n\n<div class=\"wp-block-columns are-vertically-aligned-center is-layout-flex wp-container-core-columns-layout-1 wp-block-columns-is-layout-flex\">\n<div class=\"wp-block-column is-vertically-aligned-center is-layout-flow wp-block-column-is-layout-flow\" style=\"flex-basis:50%\">\n<figure class=\"wp-block-image size-large\"><img loading=\"lazy\" decoding=\"async\" width=\"1024\" height=\"683\" src=\"https:\/\/www.aigner-dachs.at\/wp-content\/uploads\/2023\/03\/Irina-Thalhammer-Praxis-Aigner2021s-29-Kopie-1024x683.jpg\" alt=\"\" class=\"wp-image-60\" srcset=\"https:\/\/www.aigner-dachs.at\/wp-content\/uploads\/2023\/03\/Irina-Thalhammer-Praxis-Aigner2021s-29-Kopie-1024x683.jpg 1024w, https:\/\/www.aigner-dachs.at\/wp-content\/uploads\/2023\/03\/Irina-Thalhammer-Praxis-Aigner2021s-29-Kopie-300x200.jpg 300w, https:\/\/www.aigner-dachs.at\/wp-content\/uploads\/2023\/03\/Irina-Thalhammer-Praxis-Aigner2021s-29-Kopie-768x512.jpg 768w, https:\/\/www.aigner-dachs.at\/wp-content\/uploads\/2023\/03\/Irina-Thalhammer-Praxis-Aigner2021s-29-Kopie-1536x1024.jpg 1536w, https:\/\/www.aigner-dachs.at\/wp-content\/uploads\/2023\/03\/Irina-Thalhammer-Praxis-Aigner2021s-29-Kopie-2048x1366.jpg 2048w\" sizes=\"(max-width: 1024px) 100vw, 1024px\" \/><figcaption class=\"wp-element-caption\">Warteraum und Anmeldung<\/figcaption><\/figure>\n<\/div>\n\n\n\n<div class=\"wp-block-column is-vertically-aligned-center is-layout-flow wp-block-column-is-layout-flow\" style=\"flex-basis:50%\">\n<figure class=\"wp-block-image size-large\"><img loading=\"lazy\" decoding=\"async\" width=\"1024\" height=\"683\" src=\"https:\/\/www.aigner-dachs.at\/wp-content\/uploads\/2023\/03\/Irina-Thalhammer-Praxis-Aigner2021s-31-Kopie-1024x683.jpg\" alt=\"\" class=\"wp-image-61\" srcset=\"https:\/\/www.aigner-dachs.at\/wp-content\/uploads\/2023\/03\/Irina-Thalhammer-Praxis-Aigner2021s-31-Kopie-1024x683.jpg 1024w, https:\/\/www.aigner-dachs.at\/wp-content\/uploads\/2023\/03\/Irina-Thalhammer-Praxis-Aigner2021s-31-Kopie-300x200.jpg 300w, https:\/\/www.aigner-dachs.at\/wp-content\/uploads\/2023\/03\/Irina-Thalhammer-Praxis-Aigner2021s-31-Kopie-768x512.jpg 768w, https:\/\/www.aigner-dachs.at\/wp-content\/uploads\/2023\/03\/Irina-Thalhammer-Praxis-Aigner2021s-31-Kopie-1536x1024.jpg 1536w, https:\/\/www.aigner-dachs.at\/wp-content\/uploads\/2023\/03\/Irina-Thalhammer-Praxis-Aigner2021s-31-Kopie-2048x1366.jpg 2048w\" sizes=\"(max-width: 1024px) 100vw, 1024px\" \/><figcaption class=\"wp-element-caption\">Warteraum<\/figcaption><\/figure>\n<\/div>\n<\/div>\n<\/div>\n<\/div><\/div>\n","protected":false},"excerpt":{"rendered":"","protected":false},"author":1,"featured_media":0,"parent":0,"menu_order":0,"comment_status":"closed","ping_status":"closed","template":"","meta":{"_ti_tpc_template_sync":false,"_ti_tpc_template_id":"","footnotes":""},"_links":{"self":[{"href":"https:\/\/www.aigner-dachs.at\/index.php?rest_route=\/wp\/v2\/pages\/24"}],"collection":[{"href":"https:\/\/www.aigner-dachs.at\/index.php?rest_route=\/wp\/v2\/pages"}],"about":[{"href":"https:\/\/www.aigner-dachs.at\/index.php?rest_route=\/wp\/v2\/types\/page"}],"author":[{"embeddable":true,"href":"https:\/\/www.aigner-dachs.at\/index.php?rest_route=\/wp\/v2\/users\/1"}],"replies":[{"embeddable":true,"href":"https:\/\/www.aigner-dachs.at\/index.php?rest_route=%2Fwp%2Fv2%2Fcomments&post=24"}],"version-history":[{"count":92,"href":"https:\/\/www.aigner-dachs.at\/index.php?rest_route=\/wp\/v2\/pages\/24\/revisions"}],"predecessor-version":[{"id":333,"href":"https:\/\/www.aigner-dachs.at\/index.php?rest_route=\/wp\/v2\/pages\/24\/revisions\/333"}],"wp:attachment":[{"href":"https:\/\/www.aigner-dachs.at\/index.php?rest_route=%2Fwp%2Fv2%2Fmedia&parent=24"}],"curies":[{"name":"wp","href":"https:\/\/api.w.org\/{rel}","templated":true}]}}